dreds digit of d(14)?
8
What is the hundreds digit of 9 - 2 - -1861 - -10?
8
Let o = -17832 - -37563. What is the tens digit of o?
3
What is the tens digit of (-13 - (-250)/25)/((-3)/10997)?
9
Suppose 18*i - 20135 = 10411. Let m = i + -971. What is the tens digit of m?
2
Suppose -22*u = -39*u + 364956. What is the tens digit of u?
6
Let s(l) = -30*l**2 - 17*l - 20. Let k(b) = -9*b**2 - 5*b - 7. Let x(r) = -21*k(r) + 6*s(r). What is the thousands digit of x(11)?
1
Suppose -14*m = -106*m - 88*m + 6203340. What is the thousands digit of m?
4
Let o(h) = 190*h**2 + 72*h + 451. What is the tens digit of o(-7)?
5
Let n(z) = -2*z - 7. Let x be n(-5). Suppose -75 = -4*a + x*p, -p - 2*p - 57 = -3*a. Let d(o) = o**3 - 17*o**2 - 15*o + 3. What is the units digit of d(a)?
7
Suppose -255*i - 296415 = -290*i. What is the tens digit of i?
6
Suppose 124 - 10528 = -7*w + 16791. What is the units digit of w?
5
Let p = 19767 + -10538. What is the tens digit of p?
2
Let l be (-3)/(-2)*6/(-9) + -134. Let j be l/(-9) - (0 - 0)/(-1). Suppose -2*v = w - j, -18 = 2*w - 4*v - 80. What is the units digit of w?
3
Let v(q) = 7*q - 7. Let x be v(5). Suppose -2*t = 2*p - 6, 4*p = 2*t - 12 + 54. Suppose -p*f + x = -12. What is the units digit of f?
5
Suppose -r + 108 = 5*s, -5*r - s + 348 + 120 = 0. Suppose r*h = 99*h - 60. What is the tens digit of 15/h - ((-243)/6 + 2)?
4
Let t(w) = -w**2 + 5*w + 6. Let s be t(5). Let r(g) = g**3 - 7*g**2 + 6*g + 2. Let k be r(s). What is the tens digit of 2 + -4*k + 3 + 116?
1
Suppose 0 = -12*x + 149622 + 25938. Suppose -97*v + 75*v = -x. What is the units digit of v?
5
Let n(g) = 6*g + 62. Let c be n(-10). Let k be c/((-8)/(-5886))*(-4)/(-6). Suppose -6*p + 5*v = -2*p - k, -25 = 5*v. What is the units digit of p?
9
Suppose 1549 - 141 = 64*z. Let w = 12 - 30. Let v = z + w. What is the units digit of v?
4
Suppose 11*q - q + 40 = 0. Let p be 10/q*48/(-15). Suppose p*n - 417 = 5*n. What is the hundreds digit of n?
1
Let z = 700 - -231. Suppose -3*v - z = -4*r, 4*r + 2*v = -3*v + 923. Let u = r - 75. What is the hundreds digit of u?
1
Let l = 62 + 50. Let h be ((-10)/5 - 301/(-21))*-3. Let z = h + l. What is the units digit of z?
5
Suppose -121*p + d - 20206 = -123*p, 3*d + 20230 = 2*p. What is the hundreds digit of p?
1
Suppose -4*f + 85780 = 3*p, f - 47936 = -3*p + 37841. What is the units digit of p?
2
Let y be 0/(6/(1 + -7)). Suppose y = 2*j + 3*w - 65, -j - 3*w + 29 = 1. What is the units digit of j?
7
Let z = -5632 - -24621. What is the thousands digit of z?
8
Let s be 3*((2 - 1) + 2). Let t = s - -117. What is the units digit of t?
6
What is the hundreds digit of ((-25020)/(-2224))/(2/632)?
5
Let k(c) = 2*c**3 + 8*c**2 - 642*c - 60. What is the thousands digit of k(20)?
6
Suppose 3*y + 12*y = 90. Let p be (-120)/(-2) + (y - 3). What is the hundreds digit of (-5)/10 + p/(-6)*-17?
1
What is the thousands digit of 11 - (35/10*-15274 + -2)?
3
Let j(m) = -12*m - 71. Let n be j(-22). Suppose f + 728 = -7*f. Let o = n + f. What is the tens digit of o?
0
Let p(z) = z**3 + 4*z**2 + 3*z. Let l be p(-2). Suppose -1729 + 175 = -l*y. What is the hundreds digit of y?
7
Suppose -3520*c + 3513*c + 81949 = 0. What is the hundreds digit of c?
7
Let g(p) = 354*p**2 + 17*p - 124. What is the hundreds digit of g(5)?
8
Suppose -24935 = 19*w - 434899 - 360410. What is the hundreds digit of w?
5
Let b be (-100473)/(-15) + 2/(-10). Suppose -3510 = -22*t + b. What is the units digit of t?
4
Suppose -3*l = 4*b + 1753, 4*l + 5*b = -1096 - 1241. Let m = l - -1480. What is the hundreds digit of m?
8
Let p = -1 + -4. Let q(b) = -b - 4. Let j be q(p). What is the hundreds digit of 7/((-14)/(-200)) + (j - 1)?
1
What is the units digit of -9033*((-4)/(-36))/((-7)/21)?
1
Suppose 45*j = 42*j - 5*i + 144509, 2*j + 4*i = 96342. What is the ten thousands digit of j?
4
Let x(y) = -y**2 + 10*y + 57. Let o be x(10). Let m be 38*(2 - 5/2). Let s = m + o. What is the tens digit of s?
3
Let b(x) = 467*x**2 + 96*x + 27. What is the tens digit of b(-8)?
4
Let j be 524/(-6) + (-70)/(-30) + -3. Let i = j + 279. What is the units digit of i?
1
Let v = 61 + -58. What is the tens digit of -1 - 112/v*(-3)/2?
5
Suppose -4*v - 20 = 0, 5*d + 5*v = 3*d - 17. Let s(h) = 209*h - 33. What is the units digit of s(d)?
3
Let z = 22224 + -14731. What is the units digit of z?
3
Suppose 4*z - 299 + 271 = 0. Suppose z*v = -298 + 1411. What is the tens digit of v?
5
Suppose 6*d + 9427 = 7*d - 3*m, -5*d + m = -47121. What is the hundreds digit of d?
4
Let f = 97 + -102. What is the units digit of (-822)/f - (-8)/(-20)?
4
Let d(f) = -f**2 - 6*f - 7. Let g(v) = 2*v**2 - 18*v + 13. Let n be g(8). Let s be d(n). Suppose -s*r = -615 + 169. What is the units digit of r?
3
Let r be (-2 + 2472/16)*4. Let j = -170 + r. What is the tens digit of j?
4
Let c(r) = -r**3 + 4*r**2 + 17*r - 7. Let m = -289 - -283. What is the tens digit of c(m)?
5
Let c = 6340 - 2596. What is the units digit of c?
4
What is the hundreds digit of 1/((-3)/51 - (-136528)/2304792)?
4
Suppose 139653 = -302*v + 311*v. What is the units digit of v?
7
Suppose -4*j + 3*f + 0*f = 5, 5*j + 12 = -2*f. Let k(m) = -47*m - 1. Let w(l) = 50*l + 2. Let s(o) = 5*k(o) + 4*w(o). What is the tens digit of s(j)?
7
Let a = -1 - -4. Let w = 54 + -108. What is the units digit of (w/(-36))/(a/4)?
2
Let k(r) be the first derivative of -r**3 + 33*r**2/2 + 5*r - 13. Let w be k(10). Suppose 4*o + w = 651. What is the tens digit of o?
5
Suppose -110 = -5*g - 3*t, 0*t + t = -2*g + 44. Suppose -i - 30 = -7*i. What is the tens digit of (-2154)/(-15) - (5 - g/i)?
4
What is the ten thousands digit of (-3977)/(37 - -4)*(2 - (-1 - -253))?
2
Let i be ((-36)/(-8) - 6)/((-6)/4040). Suppose -5*d + 5014 = -16*c + 14*c, d - 4*c = i. What is the units digit of d?
2
Let t(o) = o**3 - 54*o**2 - 107*o + 1436. What is the tens digit of t(58)?
8
Let n be ((-2)/4)/((-1)/19)*2. Suppose -n*s + 15*s + 16 = 0. Suppose -s + 94 = 10*j. What is the units digit of j?
9
Let w(t) = -t + 2. Let i be w(17). Let k(l) = -24*l + 10. Let u be k(i). Suppose -v = -6*v + u. What is the tens digit of v?
7
Let i be 10/4*3/15*-440. Let s = 492 + i. Suppose -w = -4*l + s, -2*l + 4*l - 126 = 3*w. What is the units digit of l?
9
Suppose -397*w = -402*w + 110. Let i = w - -25. What is the units digit of i?
7
Suppose -6*z - 100 = -z. Let r be 24/4 - (4 - 5). What is the units digit of -1 + z/(-28) - (-191)/r?
7
Let d = 5 - 1. Suppose d*i + 165 = 3*q, -q + 3*i + 60 = -0*q. Let c = 89 - q. What is the tens digit of c?
3
Let g = 17656 - 11902. What is the hundreds digit of g?
7
Suppose -g + 4*g - 1374 = 0. Let l = g + -243. Let y = l - 109. What is the hundreds digit of y?
1
Let w(f) = 21*f**2 - 73*f + 1479. What is the units digit of w(29)?
3
Suppose 5*i - 77 = 2*x, -3*x = i + i - 27. Suppose i*a = 13*a + 198. What is the units digit of a?
9
Let b(g) = g**3 + 8*g**2 - 2*g - 14. Let k be b(-8). Let z = k + -2. What is the units digit of ((-1)/(-2))/(z - (-4)/688)?
6
Let a(t) be the second derivative of -t**4/12 + 11*t**3/2 + 9*t**2 + 152*t. What is the tens digit of a(7)?
0
Let l be (-4 + 3/(-2))*(-3 - -1). Suppose -l*y = 3*y - 7182. What is the tens digit of y?
1
Suppose 2*q - 5882 = -4*u - 756, 5120 = 4*u + 4*q. What is the units digit of u?
3
Let f(g) be the first derivative of 2*g**2 + g + 16. Let l be f(-3). Let i = 25 + l. What is the tens digit of i?
1
Suppose 5971 = 79*p - 25*p - 31505. What is the hundreds digit of p?
6
Let k be -8*(-2 + -10) - 3. Suppose k - 7 = y. What is the tens digit of y?
8
Let d = 3614 + -2531. What is the hundreds digit of d?
0
Let l(i) = 32*i**2 - 13*i + 128. What is the hundreds digit of l(18)?
2
Let i(v) be the third derivative of -v**5/30 + 17*v**4/8 - v**3/3 - 2*v**2 + 18*v. What is the units digit of i(25)?
3
Let i(n) = 93 - 95 + 85*n**2 + 162*n**2 - 2*n. Let b be i(-1). Suppose -6*t + 383 = -b. What is the hundreds digit of t?
1
Let j(x) = 14*x**3 + 17*x**2 - 82*x - 17. What is the thousands digit of j(7)?
5
Let v(x) = x**2 - 12*x - 87. Let y(r) = -4*r**2 + 49*r + 350. Let j(f) = 9*v(f) + 2*y(f). What is the tens digit of j(25)?
9
Let c be 12/2*(-8 + 21). Suppose 5*k - 2*k - c = 0. Let l = k - -90. What is the tens digit of l?
1
Let j = -4842 - -26223. What is the hundr